Let k(a) = 3*a**2 - 29*a - 93. Calculate k(-3).
21
Let v(z) = -z**3 + 37*z**2 + 435*z + 186. Give v(-9).
-3
Let y(w) = 110*w + 1898. Calculate y(-17).
28
Let m(i) = 89*i + 333. Calculate m(-6).
-201
Let r(x) = -7*x**2 - 60*x - 34. What is r(-8)?
-2
Let n(h) = h**3 - 27*h**2 + 187*h - 1. Determine n(14).
69
Let i(m) = -2*m**2 + 124*m + 33. Determine i(62).
33
Let g(o) = 58*o - 3081. Calculate g(53).
-7
Let o(c) = c**3 + 45*c**2 + 84*c - 77. Give o(-43).
9
Let q(c) = -371*c - 701. Calculate q(-2).
41
Let t(w) = -84*w - 280. Determine t(-3).
-28
Let b(g) = g**3 - 28*g**2 - 65*g + 2495. What is b(27)?
11
Let a(q) = -q**3 + 10*q**2 - 575*q + 4481. Give a(8).
9
Let m(u) = u**3 + 14*u**2 - 14*u - 191. Calculate m(-14).
5
Let q(c) = -924*c + 2775. Calculate q(3).
3
Let b(c) = 225*c - 1018. What is b(5)?
107
Let m(s) = -s**3 + 123*s**2 + 776*s - 269. What is m(129)?
-11
Let j(i) = -20*i - 195. Give j(-10).
5
Let f(y) = -29*y**2 - 1652*y + 62. Calculate f(-57).
5
Let u(g) = g**3 - 202*g**2 + 10137*g + 3. Determine u(93).
3
Let v(p) = -33*p**2 + 5*p - 3. What is v(1)?
-31
Let s(i) = 37*i + 86. Determine s(-4).
-62
Let l(v) = v**3 - 16*v**2 + 36*v + 15. Calculate l(11).
-194
Let k(h) = h**2 - 4*h - 85. What is k(31)?
752
Let q(l) = -85*l**3 - l**2 + 6*l + 2. Determine q(-1).
80
Let z(q) = -q**3 + 6*q**2 + 24. Calculate z(6).
24
Let s(w) = w**2 - 740*w + 2938. Give s(4).
-6
Let s(x) = -x**3 + x**2 - 8*x + 18. Give s(2).
-2
Let x(a) = -a**3 - 9*a**2 + 2*a - 28. Calculate x(-9).
-46
Let z(q) = q**3 - 26*q**2 - 120*q + 42. Calculate z(30).
42
Let k(o) = -2*o**3 - 39*o**2 - 2*o + 334. Calculate k(-19).
11
Let m(b) = b**2 + 1399*b + 8326. Calculate m(-6).
-32
Let w(f) = 2*f**3 + 6*f**2 - 109*f - 442. Give w(-5).
3
Let b(f) = f**3 + 21*f**2 - 36*f + 208. Determine b(-23).
-22
Let c(l) = 195*l - 376. Calculate c(2).
14
Let w(v) = 142*v**2 - 1278*v + 5. Give w(9).
5
Let y(p) = -17*p - 477. Determine y(-27).
-18
Let r(v) = -42*v + 1804. What is r(44)?
-44
Let r(x) = 98*x - 3274. Calculate r(33).
-40
Let n(c) = 149*c**2 - 3*c - 5. Calculate n(-1).
147
Let s(r) = -r**2 - 31*r + 80. What is s(-31)?
80
Let j(b) = -97*b + 2479. Give j(26).
-43
Let x(o) = 3*o**2 + 240*o + 1127. What is x(-5)?
2
Let q(u) = -6*u + 393. Determine q(64).
9
Let z(r) = 999*r - 31954. Give z(32).
14
Let t(c) = c**2 + 248*c + 5212. What is t(-23)?
37
Let x(f) = 5*f**2 + 112*f + 62. What is x(-22)?
18
Let g(s) = -10*s**2 - 186*s + 88. Give g(-19).
12
Let w(y) = -2*y**2 - 524*y + 3177. What is w(6)?
-39
Let m(q) = q**3 - 7*q**2 - q + 49. Give m(8).
105
Let c(k) = -2*k**2 - 32*k - 185. Calculate c(-15).
-155
Let x(b) = 3*b**2 - 606*b - 1833. Give x(205).
12
Let o(l) = -l**3 - 78*l**2 + l + 69. Determine o(-78).
-9
Let c(o) = -5*o**3 + 31*o**2 + 12*o - 120. Give c(6).
-12
Let k(w) = -3*w**2 - 17*w + 32. Calculate k(-10).
-98
Let h(p) = -25*p + 574. Calculate h(11).
299
Let v(m) = -m - 191. Calculate v(-7).
-184
Let n(k) = -2*k**2 - 114*k - 155. Determine n(-55).
65
Let t(j) = 17*j**3 + 5*j**2 - 4. Determine t(1).
18
Let s(d) = -106*d - 515. What is s(-5)?
15
Let r(p) = -3*p**2 + 14*p + 50. Determine r(7).
1
Let c(j) = -15*j**2 - 133*j - 79. What is c(-7)?
117
Let j(b) = b**2 - 334*b - 4133. Give j(-12).
19
Let d(q) = -6*q - 137. Calculate d(-1).
-131
Let a(q) = q**3 + 26*q**2 - 26*q + 52. Determine a(-27).
25
Let p(q) = -q**3 - 56*q**2 + 372*q - 3. Determine p(6).
-3
Let g(w) = -4132*w + 37191. Give g(9).
3
Let r(n) = 335*n**2 - 76*n - 76. What is r(-1)?
335
Let t(h) = -3*h**2 - 8*h - 10. Give t(-2).
-6
Let r(q) = q**2 + 46*q - 8. What is r(0)?
-8
Let w(r) = -2*r**3 + 70*r**2 + 69*r + 61. Calculate w(36).
-47
Let x(s) = -4*s**2 - 105*s + 344. Calculate x(3).
-7
Let i(x) = x**2 + 3*x - 68. Calculate i(-15).
112
Let x(u) = 227*u + 3873. Determine x(-17).
14
Let w(r) = 106*r - 1125. What is w(9)?
-171
Let c(d) = -d**3 - 13*d**2 - 39*d + 10. Calculate c(-7).
-11
Let j(c) = 13*c - 86. Give j(-9).
-203
Let z(j) = 7379*j + 95920. Calculate z(-13).
-7
Let k(w) = 2*w**3 - 14*w**2 + 10*w - 22. Calculate k(6).
-34
Let i(a) = 2*a**3 + 10*a**2 + 7*a - 4. Calculate i(-4).
0
Let i(r) = -3*r**2 + 57*r - 209. What is i(11)?
55
Let t(k) = -k**3 + 25*k**2 + 88*k - 106. Calculate t(28).
6
Let p(z) = -z**3 - 31*z**2 + 84*z + 571. Calculate p(-33).
-23
Let z(k) = 147*k + 70. Determine z(-8).
-1106
Let n(w) = 12*w - 13. Determine n(4).
35
Let l(s) = -18*s + 116. Give l(-10).
296
Let q(m) = -m**3 + 37*m**2 - 186*m - 37. Determine q(31).
-37
Let m(a) = 41*a - 466. Determine m(11).
-15
Let u(i) = -i**3 + 16*i**2 + 30*i - 170. What is u(15)?
505
Let p(u) = 116*u**2 - 891*u + 545. Determine p(7).
-8
Let v(z) = 14*z**3 - 160*z**2 + 51*z + 162. Calculate v(11).
-3
Let l(k) = k**2 - 19*k - 141. What is l(24)?
-21
Let o(k) = k**3 - 76*k**2 + 117*k - 3156. Give o(75).
-6
Let q(c) = c - 11. Give q(8).
-3
Let c(y) = 21*y - 551. Determine c(20).
-131
Let u(x) = 2*x**2 + x - 71. Determine u(12).
229
Let p(s) = -16*s**2 - 112*s - 7. Calculate p(-7).
-7
Let j(b) = -b**2 - 18*b + 107. Determine j(-23).
-8
Let j(w) = 23*w**2 + 28*w - 23. Give j(1).
28
Let c(i) = -4*i**2 + 120*i - 200. Determine c(30).
-200
Let h(v) = -6*v**2 + 80*v - 278. What is h(3)?
-92
Let k(o) = 5*o**2 + 25*o + 65. What is k(-3)?
35
Let b(u) = u**3 - 32*u**2 + 251*u - 41. Give b(16).
-121
Let w(f) = -3*f + 72. Give w(4).
60
Let k(w) = w**3 - 35*w + 49. Give k(6).
55
Let w(y) = -89*y - 717. Determine w(-8).
-5
Let g(s) = -15*s - 224. What is g(-22)?
106
Let f(x) = 200*x + 4014. Determine f(-20).
14
Let z(h) = h**2 + 20*h - 51. What is z(-17)?
-102
Let i(g) = 11*g**3 - 4*g**2 + g - 1. Calculate i(-2).
-107
Let u(r) = -112*r**3 - r**2 + 57*r - 55. What is u(1)?
-111
Let q(f) = -f + 86. Give q(29).
57
Let n(h) = h**3 + 68*h**2 - 64*h + 291. Calculate n(-69).
-54
Let n(h) = 31*h**2 + 463*h - 23. Determine n(-15).
7
Let f(z) = -1087*z - 6519. What is f(-6)?
3
Let c(j) = 2*j**3 + 72*j**2 + j + 31. Determine c(-36).
-5
Let f(b) = 6*b**3 + b**2 + 7*b - 9. What is f(1)?
5
Let n(q) = 7*q**2 + 365*q - 674. Determine n(-54).
28
Let y(z) = 12*z**2 - 145*z + 10. Determine y(12).
-2
Let z(l) = -l**2 - 40*l + 345. Calculate z(-49).
-96
Let j(p) = -2*p**2 - 6*p - 59. Calculate j(-8).
-139
Let s(p) = p**2 - p + 9. Determine s(10).
99
Let w(c) = 3*c**3 - 11*c**2 + 14*c - 123. What is w(5)?
47
Let y(h) = -h**2 + 118*h + 612. Determine y(-5).
-3
Let x(w) = -220*w - 1326. What is x(-6)?
-6
Let v(j) = j**2 - 7*j - 768. What is v(34)?
150
Let a(s) = -216*s**2 - 2*s - 2. Calculate a(-1).
-216
Let q(k) = -269*k + 1110. Determine q(2).
572
Let f(p) = -16*p**3 + p**2 + 34*p - 89. Determine f(3).
-410
Let j(b) = -10139*b - 81094. Give j(-8).
18
Let j(w) = -2*w**2 + 41*w + 22. Give j(25).
-203
Let i(s) = -s**3 - 5*s**2 + 158*s + 1009. Give i(-7).
1
Let g(c) = -c**3 - 40*c**2 - 82*c - 248. What is g(-38)?
-20
Let j(t) = -35*t - 771. What is j(-22)?
-1
Let y(q) = 385*q - 379. Determine y(1).
6
Let s(z) = z**3 + 22*z**2 + 543. Calculate s(-23).
14
Let c(w) = 2*w**2 - 99*w + 40. Determine c(49).
-9
Let f(c) = -3*c**2 + 82*c + 55. Calculate f(28).
-1
Let w(m) = -m**3 + 15*m**2 - 69*m + 380. What is w(12)?
-16
Let o(y) = 1255*y + 100398. Calculate o(-80).
-2
Let i(c) = 10*c**2 + 15*c - 224. Give i(4).
-4
Let d(t) = 27*t + 759. Determine d(6).
921
Let f(l) = 2*l**2 + 2*l + 4. What is f(0)?
4
Let q(n) = n**3 - 7*n**2 + 5*n - 17. Determine q(5).
-42
Let v(y) = 27*y + 642. Calculate v(-23).
21
Let t(n) = n**2 - 34*n - 608. Give t(43).
-221
Let s(g) = 12*g**2 - 63*g + 21. Calculate s(5).
6
Let c(y) = -3*y**3 + 73*y**2 + 124*y + 156. Calculate c(26).
0
Let x(n) = -3*n**3 - 358*n**2 - 120*n - 154. Calculate x(-119).
-35
Let t(n) = 83*n + 752. Give t(-9).
5
Let j(c) = c**3 + 84*c**2 - 1042*c - 32. What is j(11)?
1
Let r(q) = q**3 - 3*q**2 + 7*q - 9. Determine r(5).
76
Let h(d) = -42*d - 2244. Give h(-53).
-18
Let c(k) = -3*k**2 + 22*k + 11. Determine c(5).
46
Let h(z) = -z**3 - 13*z**2 + 60*z + 650. Give h(-14).
6
Let t(w) = -3*w**2 - 159*w + 77. Determine t(-51).
383
Let s(m) = 22*m**2 + 64*m. Determine s(-3).
6
Let n(h) = -h**2 + 697*h + 1395. Give n(-2).
-3
Let y(s) = -3*s**3 - 183*s**2 + 381*s + 192. Determine y(-63).
3
Let p(n) = -441*n + 112008. Determine p(254).
-6
Let d(g) = -5*g**2 + 968*g - 1924. 